st the prime factors of 67351.
47, 1433
List the prime factors of 306479.
306479
List the prime factors of 17414235.
3, 5, 37, 10459
List the prime factors of 1546774.
2, 773387
What are the prime factors of 14064438?
2, 3, 2344073
What are the prime factors of 265167?
3, 7, 23, 61
List the prime factors of 434276.
2, 151, 719
List the prime factors of 2555873.
2555873
What are the prime factors of 298924?
2, 74731
List the prime factors of 641537.
13, 61, 809
What are the prime factors of 4374963?
3, 73, 6659
List the prime factors of 13845330.
2, 3, 5, 17093
What are the prime factors of 6504028?
2, 523, 3109
List the prime factors of 5446.
2, 7, 389
List the prime factors of 2707414.
2, 1353707
List the prime factors of 1097189.
1097189
What are the prime factors of 578042?
2, 289021
What are the prime factors of 5691006?
2, 3, 105389
What are the prime factors of 7645723?
89, 271, 317
What are the prime factors of 1049463?
3, 47, 827
What are the prime factors of 7838782?
2, 7, 559913
What are the prime factors of 624330?
2, 3, 5, 7, 991
What are the prime factors of 892642?
2, 229, 1949
List the prime factors of 3602964.
2, 3, 300247
What are the prime factors of 5523210?
2, 3, 5, 7, 11, 797
What are the prime factors of 329424?
2, 3, 6863
List the prime factors of 93566.
2, 11, 4253
What are the prime factors of 3177457?
3177457
List the prime factors of 583861.
583861
What are the prime factors of 4186701?
3, 29, 5347
List the prime factors of 791276.
2, 337, 587
What are the prime factors of 173289?
3, 47, 1229
List the prime factors of 310257.
3, 11491
List the prime factors of 280628.
2, 70157
List the prime factors of 38642302.
2, 1301, 14851
What are the prime factors of 513308?
2, 128327
List the prime factors of 2641955.
5, 528391
What are the prime factors of 12739937?
7, 19, 95789
List the prime factors of 8627313.
3, 17, 139, 1217
What are the prime factors of 969474?
2, 3, 11, 37, 397
What are the prime factors of 25196719?
3169, 7951
List the prime factors of 3859062.
2, 3, 107, 6011
What are the prime factors of 21155699?
23, 43, 21391
List the prime factors of 1110560.
2, 5, 11, 631
What are the prime factors of 382068?
2, 3, 10613
List the prime factors of 625563.
3, 7723
List the prime factors of 12190926.
2, 3, 11, 184711
List the prime factors of 1262843.
47, 97, 277
What are the prime factors of 18790295?
5, 277, 13567
What are the prime factors of 460001?
61, 7541
List the prime factors of 210224.
2, 7, 1877
What are the prime factors of 425487?
3, 141829
What are the prime factors of 19554753?
3, 1879, 3469
List the prime factors of 72322.
2, 36161
List the prime factors of 11424.
2, 3, 7, 17
List the prime factors of 3515833.
3515833
What are the prime factors of 1561152?
2, 3, 47, 173
List the prime factors of 81173.
81173
What are the prime factors of 16642250?
2, 5, 66569
List the prime factors of 68095.
5, 13619
List the prime factors of 7531232.
2, 59, 3989
List the prime factors of 1848915.
3, 5, 181, 227
List the prime factors of 2005728.
2, 3, 17, 1229
List the prime factors of 2490561.
3, 92243
List the prime factors of 67421.
67421
What are the prime factors of 172272?
2, 3, 37, 97
List the prime factors of 1441923.
3, 7, 17, 577
What are the prime factors of 1585046?
2, 17, 46619
List the prime factors of 20012885.
5, 4002577
List the prime factors of 224548.
2, 73, 769
List the prime factors of 119023.
41, 2903
What are the prime factors of 454709?
454709
List the prime factors of 507072.
2, 3, 19, 139
List the prime factors of 120150.
2, 3, 5, 89
What are the prime factors of 245729?
11, 89, 251
What are the prime factors of 596741?
596741
What are the prime factors of 202818?
2, 3, 7, 11, 439
List the prime factors of 4222643.
43, 283, 347
What are the prime factors of 4710791?
23, 31, 6607
What are the prime factors of 6535448?
2, 67, 89, 137
What are the prime factors of 141161?
141161
List the prime factors of 3095973.
3, 343997
What are the prime factors of 946929?
3, 315643
What are the prime factors of 813038?
2, 37, 10987
What are the prime factors of 457584?
2, 3, 9533
What are the prime factors of 6616080?
2, 3, 5, 1021
What are the prime factors of 1233140?
2, 5, 61657
List the prime factors of 180790.
2, 5, 101, 179
List the prime factors of 103283.
179, 577
What are the prime factors of 965848?
2, 13, 37, 251
List the prime factors of 182799.
3, 19, 1069
What are the prime factors of 7732105?
5, 233, 6637
List the prime factors of 18151.
7, 2593
What are the prime factors of 598915?
5, 119783
What are the prime factors of 567574?
2, 7, 71, 571
List the prime factors of 235698.
2, 3, 163, 241
What are the prime factors of 5060400?
2, 3, 5, 4217
What are the prime factors of 3517410?
2, 3, 5, 13, 29, 311
What are the prime factors of 4468654?
2, 17, 131431
What are the prime factors of 18704972?
2, 11, 13, 53, 617
What are the prime factors of 1078924?
2, 7, 11, 31, 113
What are the prime factors of 8399835?
3, 5, 43, 1447
List the prime factors of 6987136.
2, 13, 17, 19
List the prime factors of 552436.
2, 167, 827
What are the prime factors of 15430958?
2, 29, 266051
List the prime factors of 249140.
2, 5, 12457
List the prime factors of 2839124.
2, 601, 1181
What are the prime factors of 3128100?
2, 3, 5, 10427
List the prime factors of 7086616.
2, 79, 11213
What are the prime factors of 546760?
2, 5, 13669
List the prime factors of 125565.
3, 5, 11, 761
List the prime factors of 978082.
2, 7, 19, 3677
What are the prime factors of 1629208?
2, 7, 47, 619
What are the prime factors of 181752?
2, 3, 7573
What are the prime factors of 16444233?
3, 13, 140549
What are the prime factors of 71467?
11, 73, 89
What are the prime factors of 720906?
2, 3, 53, 2267
List the prime factors of 170689.
170689
What are the prime factors of 341290?
2, 5, 34129
List the prime factors of 156455.
5, 13, 29, 83
What are the prime factors of 26110838?
2, 13, 67, 1153
What are the prime factors of 295138?
2, 173, 853
List the prime factors of 35349990.
2, 3, 5, 13, 90641
List the prime factors of 800336.
2, 50021
What are the prime factors of 41337?
3, 1531
List the prime factors of 23322023.
23, 44087
What are the prime factors of 362704?
2, 22669
What are the prime factors of 1642515?
3, 5, 7, 15643
List the prime factors of 9188588.
2, 233, 9859
List the prime factors of 200521.
239, 839
What are the prime factors of 30460?
2, 5, 1523
What are the prime factors of 705268?
2, 176317
List the prime factors of 4691029.
7, 670147
What are the prime factors of 627811?
627811
List the prime factors of 122182.
2, 61091
What are the prime factors of 196555?
5, 19, 2069
What are the prime factors of 59006?
2, 163, 181
List the prime factors of 27536536.
2, 881, 3907
What are the prime factors of 2311793?
11, 29, 7247
List the prime factors of 276751.
109, 2539
List the prime factors of 10221627.
3, 13, 20161
List the prime factors of 12128746.
2, 7, 797, 1087
What are the prime factors of 298234?
2, 41, 3637
List the prime factors of 266958.
2, 3, 14831
What are the prime factors of 187035?
3, 5, 37, 337
What are the prime factors of 12468539?
1481, 8419
List the prime factors of 19062995.
5, 7, 151, 3607
List the prime factors of 14384863.
137, 104999
What are the prime factors of 30424134?
2, 3, 13, 43, 47, 193
List the prime factors of 114486.
2, 3, 19081
What are the prime factors of 20412858?
2, 3, 3402143
What are the prime factors of 48418?
2, 43, 563
What are the prime factors of 17546484?
2, 3, 359, 4073
What are the prime factors of 7391628?
2, 3, 89, 769
List the prime factors of 1127487.
3, 233, 1613
What are the prime factors of 47866?
2, 7, 13, 263
What are the prime factors of 1055719?
7, 67, 2251
What are the prime factors of 9826582?
2, 1201, 4091
What are the prime factors of 14548181?
283, 51407
What are the prime factors of 3208624?
2, 31, 6469
What are the prime factors of 27449007?
3, 43, 389, 547
What are the prime factors of 628081?
419, 1499
What are the prime factors of 73918?
2, 13, 2843
List the prime factors of 190900.
2, 5, 23, 83
What are the prime factors of 19767755?
5, 7, 564793
What are the prime factors of 3927538?
2, 1963769
List the prime factors of 3127603.
41, 76283
What a